
6
Suppose -3*d = -4*k + 23, -16 = -5*k + d + 10. Suppose -47 - k = -4*s. What is the tens digit of s?
1
Let s(o) = o**2 + 8*o - 6. Let w be s(-8). Let f(r) = r**3 + 6*r**2 - 4*r. Let z be f(w). Let j = -16 + z. What is the units digit of j?
8
Let i(q) = 28*q - 8. Let a be i(8). What is the units digit of a/21 + (-6)/21?
0
Let x(d) = 6*d**3 - 6*d**2 - 7*d - 1. Let n be x(5). What is the units digit of n/44 + (-6)/(-33)?
3
Suppose -j + 0*d = -3*d - 8, -5*d - 15 = 0. Let g = j - -8. What is the units digit of g?
7
Let p(q) = 2*q**3 + 2*q**2 - 2*q + 2. Let j be p(2). Let v = 35 - j. Suppose 5*b = v + 12. What is the units digit of b?
5
Let g(p) = -1 - p**2 + 2*p - 2*p - 4*p. Let w be g(-4). What is the units digit of 21/(6/(-2))*w?
7
Suppose -5*s + 5 = -0. What is the units digit of ((3 + -1)/2)/s?
1
Suppose 3*n = 2*z + 20 + 6, -2*n + 5*z + 32 = 0. Let q be 10/4 - 3/n. Suppose q*r = -6, -19 = 5*w - 3*r - 73. What is the units digit of w?
9
Let g(p) = -p + 19. Suppose -3*l + 5 + 4 = 0. Let w be (l + (-2 - 1))/1. What is the units digit of g(w)?
9
Suppose 4*l + 5*r + 27 = -23, -l - 6 = -2*r. Let u = 10 + l. Suppose u*c - 11 = -c. What is the units digit of c?
1
Suppose 3*a + f = 10, -4*a - 2*f + 8 = -6*f. Suppose 3*d - a = 12. What is the units digit of d?
5
Suppose 4*f - f = -2*h - 8, -2*f = 8. Suppose z = 2*z + 4*y - 21, -h*y = -5*z + 39. What is the units digit of z?
9
Let p(i) = 2*i**2 + 37. What is the units digit of p(0)?
7
Let n(i) = -i - 10. Let f be n(0). What is the units digit of ((-8)/3)/(f/30)?
8
Suppose 0*h - 6 = 2*h. What is the tens digit of (-4*5)/(h - -1)?
1
Suppose -218 = -2*n + 4*o, -o = 4*n + 4*o - 371. Suppose -n = 5*w - 289. Let y = -24 + w. What is the units digit of y?
4
Let n = -12 + 17. Suppose n*j - 3*y + 5*y + 18 = 0, 2*j - y = 0. Let w = 2 - j. What is the units digit of w?
4
What is the units digit of (-734)/(-8) - (-2)/32*4?
2
Suppose -3*y + 68 = j, 0 = 6*y - y + j - 112. What is the tens digit of y?
2
Let i(a) = a**3 - 4 + 8*a - 6*a - 7*a**2 + 0*a. What is the units digit of i(7)?
0
What is the units digit of 2 + -3 + 2/1?
1
Let m be 34/10 - 4/10. Suppose 0 = 2*o + 1 - m. What is the units digit of o?
1
Suppose 3*z = 2*z - 3*n + 7, 4*z - 38 = -2*n. What is the units digit of z?
0
Let o(a) = a**2. Let y be o(-3). Suppose -2*f + y = f. Suppose 2*q = 3*h + 1, -h = f*h - q - 2. What is the units digit of h?
1
Suppose -4*i + 5*g + 44 = 0, i + 6 = -2*g - g. What is the units digit of i?
6
Let t(u) = 9*u**3 - 3*u**2 + 4*u - 2. What is the units digit of t(2)?
6
Suppose -3*n + 1110 = -3*s, 3*n = 4*s + 1021 + 93. What is the units digit of n?
6
Let g = -2 + 7. Suppose -g*p = -2*p + 15. What is the units digit of (-2)/(1 + 7/p)?
5
Let y(k) = k + 27. What is the units digit of y(-7)?
0
Suppose 5*l = 5*u + 25, 3*l - 4*u - 6 = 6*l. Suppose 7*z - l*z - 100 = 0. Suppose 0*y + 2*y = z. What is the units digit of y?
0
Let u = 17 - -33. What is the tens digit of u/4*8/10?
1
Let v(a) = 5*a - 8*a + 6 - 4*a. What is the tens digit of v(-3)?
2
Let v(i) = -i**3 - 4*i**2 + 5*i + 3. Let f be v(-5). Suppose -5*n = -f*n - 48. What is the units digit of n?
4
What is the units digit of (-38)/(-2) - 0/(-19)?
9
What is the units digit of (-5 - -8) + 0 + -1?
2
Suppose 3*i = 0, 3*s - 351 = -3*i + 5*i. What is the units digit of s?
7
Suppose -2*o = 2*z + 4, -5*o = -2*z + 3*z - 10. What is the units digit of (o/2)/((-1)/(-2))?
3
Suppose -2 = -2*z + 2. Let h = z + 0. Suppose -5*v = -2*k - 29, 0 = h*v + 3*v - k - 32. What is the units digit of v?
7
Let t = 11 + -7. Suppose -7 - 68 = -3*a. Suppose 4*m - 2 = 2*h - 4*h, 0 = -t*h - m + a. What is the units digit of h?
7
Let d = 7 - 4. Let p = d - 8. What is the units digit of p/(-2) - 1/2?
2
Let i(s) = 6*s**2 - 9*s - 13. What is the tens digit of i(-7)?
4
Suppose -2*s - 205 = -7*s. What is the tens digit of s?
4
Let d = 12 + -6. What is the units digit of 2/3 + 80/d?
4
Suppose 2*l - 13 = -3*m + 14, -29 = -4*l - m. What is the units digit of l?
6
Suppose 5*i = 9*i + 36. What is the units digit of 1 + -2 - (i - -6)?
2
Let b = -7 + -4. What is the tens digit of 0 + 2 + (2 - b)?
1
Let y(x) = x**3 - 2*x**2 - 4*x + 3. Let p be y(3). Suppose 2*c - 3*c + 25 = p. What is the tens digit of c?
2
Suppose 0 = 4*t, 275 = 4*o - 5*t - 109. Suppose -2*y = y - o. Suppose -4*m = -y - 24. What is the tens digit of m?
1
Let j(s) be the first derivative of -9*s**2/2 + 1. What is the units digit of j(-1)?
9
Let x(m) = m**3 - 4*m**2 + 5*m - 2. Let l be x(3). Let u be 2*(-2)/l + 1. Suppose u*w + 2 = w. What is the units digit of w?
2
Suppose 5*t - t = 116. What is the tens digit of t?
2
What is the tens digit of -2 - -61 - (-8)/4?
6
Let v = 278 - 137. What is the tens digit of v?
4
Let o(q) be the third derivative of 1/60*q**5 - 1/6*q**4 + 1/6*q**3 + 2*q**2 + 0 + 0*q. What is the units digit of o(5)?
6
Suppose -1295 = -8*f + 3*f. What is the tens digit of f?
5
Let f(z) = -53*z - 3. Let p be f(-1). Suppose -n = n - p. What is the units digit of n?
5
Suppose -a - 3*a = 5*l + 1, a - 11 = l. Suppose 0 = -n + a*n - 810. What is the units digit of (2/6)/(6/n)?
9
Let i = -468 - -661. What is the units digit of i?
3
Suppose -7 = -f + 8. Suppose 4*d + f = -d. What is the units digit of 6*d*3/(-18)?
3
Let m(j) = j**2 - 10*j + 9. Let s be m(7). What is the tens digit of 206/12 - (-2)/s?
1
Let g(x) = -x**3 + 6*x**2 + 9*x + 2. Let h(i) = -i**2 - 7*i - 5. Let a be h(-4). Let w be g(a). Suppose 3*f = w + 17. What is the tens digit of f?
1
Suppose -1272 = -12*z + 216. What is the tens digit of z?
2
Let d = 2 + -18. Let k = d + 30. What is the units digit of k?
4
Let d = 46 + -33. Let c be (4/2)/((-4)/(-38)). Let b = c - d. What is the units digit of b?
6
Suppose 52 = 4*h - 24. What is the tens digit of h?
1
Let d = 9 + -6. Suppose 0 = -2*a + d*a - 14. What is the tens digit of a?
1
Suppose 269 = -3*v + 5*v + k, 3*v - 407 = -5*k. What is the tens digit of v?
3
Let l(q) be the third derivative of q**5/60 + q**3/6 - q**2. Let s be l(-2). Let c = 11 - s. What is the units digit of c?
6
Let y be 40/(-22) - (-8)/(-44). Suppose 0 = -w + m + 12, 2*m = -8*w + 4*w + 36. What is the units digit of (w/(0 + -1))/y?
5
Suppose 0 - 11 = -l. Let h(s) = s - 16. Let g be h(l). What is the units digit of (g/(-15))/((-2)/(-6))?
1
Let s be 0/1*2/4. Suppose -5*i + 5 = -s*i. Suppose -2*g = 5*r - i, 2*g + 4*r = -2*g + 20. What is the units digit of g?
8
Let g(x) = 33*x - 2 - 3 + 5 + 1. What is the units digit of g(1)?
4
Let c be -10*1*(-1)/2. Let h = c + -9. What is the units digit of (-3 - h)*(-10)/(-2)?
5
Let u(v) = -2*v + 2. Let d be u(0). Suppose -z + 9 = -d. What is the tens digit of z?
1
What is the tens digit of 2 - 1 - (-58 + -3 - 0)?
6
Suppose 22 + 10 = 2*h. What is the units digit of h?
6
Let u be 2/(0 + -1 - -2). Suppose -4*w + 46 = -u*w. What is the tens digit of w?
2
Let h = 9 - -28. What is the tens digit of h?
3
Let g be ((-110)/25)/(1/(-25)). What is the tens digit of g/7 - (-18)/63?
1
Suppose 4*o + 15 = o. Let z(s) = -s - 5. Let w be z(o). Suppose -m - 4 = -2*q - 5*m, -4*q - 5*m + 20 = w. What is the units digit of q?
0
Let l(f) be the third derivative of f**6/120 + f**5/12 + f**4/8 + f**3/2 - f**2. Let s(a) = a**2 + 7*a + 6. Let d be s(-5). What is the units digit of l(d)?
7
Let z(p) = -p**2 - 9*p - 10. Let f be z(-7). What is the units digit of f - (3 + 1)/(-2)?
6
Suppose n + 2 = -0*n. Let d = 0 - n. Let f(s) = 2*s**2 + 2*s - 2. What is the units digit of f(d)?
0
Let q = -516 + 873. What is the units digit of q?
7
Let t = -5 - -76. Suppose 0 = 2*q + 2*z - 52, -2*q - 4*z = 23 - t. What is the tens digit of q?
2
Let b be (8/24)/(2/12). Suppose -3*l = -2*r + 32, -4*l = b*r - 7 + 3. Suppose 3*q - 50 = -5*h, h + 4*q = r - 0. What is the tens digit of h?
1
Let d = 177 + -15. What is the tens digit of d?
6
Let v(j) = -j**2 + 9*j - 2. Suppose 5*l - 8 - 12 = 0. What is the units digit of v(l)?
8
Suppose 0 = -5*n + 3*s - 7 + 19, 3*n - 4*s = 5. Suppose 3*c - 4*h - 17 = 0, 3*h = c - 12 + n. What is the units digit of c?
3
Let i(x) = 8*x - 3. Let z(v) = v. Let n(w) = 3*i(w) - 21*z(w). Suppose -2*a - 3 = -17. What is the units digit of n(a)?
2
Let m(q) = q**3 - 9*q**2 + q - 5. Let f be m(9). Suppose -n = -f*n + 36. What is the units digit of n?
2
Suppose -15*m 